= 1864*f - 26092. What is d(14)?
4
Let y(k) = -56*k - 2966. What is y(-47)?
-334
Let v(x) = -419*x - 28086. Calculate v(-67).
-13
Let f(x) = -x**3 + 20*x**2 - 61*x - 36. Determine f(16).
12
Let t(h) = -h**3 + 255*h**2 - 2912*h - 970. Calculate t(243).
2
Let q(m) = -12*m - 725. Give q(-64).
43
Let n(h) = 3*h**3 - 44*h**2 - 10*h - 10. What is n(15)?
65
Let z(l) = l + 10. Calculate z(9).
19
Let i(g) = g**3 - 17*g**2 + 70*g + 9. Give i(5).
59
Let p(y) = -9*y**2 + 33*y + 110. Give p(-3).
-70
Let u(k) = -k**2 - 16*k - 10. Give u(-8).
54
Let o(v) = 4*v**3 - 8*v**2 - 8*v + 3. Calculate o(-2).
-45
Let t(c) = -37*c - 161. What is t(-4)?
-13
Let s(r) = -r**2 - 24*r + 101. Calculate s(0).
101
Let n(x) = -x**2 + 26*x - 137. Calculate n(21).
-32
Let h(t) = -28*t**2 + 10*t - 9. Calculate h(1).
-27
Let h(s) = -s**3 - 24*s**2 - 41*s + 65. Determine h(-22).
-1
Let z(v) = -2*v**2 - 23*v + 21. Determine z(-8).
77
Let p(d) = -89*d**3 + 2*d**2 + 28*d + 27. Give p(-1).
90
Let p(c) = -22*c - 646. Determine p(-29).
-8
Let g(c) = 2*c**3 + 13*c**2 + 4*c + 22. What is g(-9)?
-419
Let i(a) = -2*a**2 - 17*a + 711. Calculate i(-26).
-199
Let n(c) = -c**3 + 22*c**2 - 20*c + 402. What is n(22)?
-38
Let j(d) = -d**3 + 53*d**2 - 286*d + 178. What is j(47)?
-10
Let b(h) = h**2 + 588*h + 59205. Give b(-129).
-6
Let d(f) = -170*f + 1838. What is d(15)?
-712
Let s(r) = 9*r**2 + 567*r - 570. Calculate s(-64).
6
Let a(w) = w**2 + 41*w - 57. Calculate a(-30).
-387
Let y(w) = -w**2 + 32*w + 16151. Calculate y(144).
23
Let z(d) = -3*d + 174. Determine z(58).
0
Let l(d) = -d**3 - 29*d**2 - 51*d + 178. Give l(-27).
97
Let l(i) = -i**3 + 3*i**2 - 21*i + 82. What is l(5)?
-73
Let c(q) = q**3 + 10*q**2 + 12*q - 22. Determine c(-8).
10
Let u(f) = -22*f + 51. Determine u(-12).
315
Let z(p) = -p**3 - 16*p**2 - 22*p - 240. What is z(-13)?
-461
Let s(z) = z**2 + 26*z - 2021. Calculate s(34).
19
Let o(c) = c**3 - 37*c**2 + 82*c - 403. Determine o(35).
17
Let a(d) = -d**2 - 124*d + 3052. What is a(21)?
7
Let n(u) = 2*u**2 + 669*u + 3961. What is n(-6)?
19
Let k(w) = -7*w**3 + 2*w**2 - 1. Determine k(1).
-6
Let s(c) = -c**3 + 6*c**2 + 147*c + 14. Determine s(15).
194
Let u(r) = -201*r**2 - 2*r + 1. Determine u(1).
-202
Let g(j) = -86*j + 111. Give g(0).
111
Let p(q) = -15*q - 158. What is p(-16)?
82
Let h(x) = 46*x + 796. Give h(-17).
14
Let f(i) = 93*i - 14. Give f(-13).
-1223
Let j(d) = -230*d - 719. Calculate j(-3).
-29
Let g(d) = 12*d - 446. What is g(46)?
106
Let m(v) = -124*v - 489. What is m(-5)?
131
Let m(b) = b**3 - 18*b**2 + 84*b - 18. Give m(6).
54
Let a(n) = 101*n + 291. Calculate a(-4).
-113
Let g(a) = 2*a**2 - 5*a + 1. Calculate g(-7).
134
Let l(d) = 3*d**2 + 34*d + 203. Calculate l(-13).
268
Let j(c) = 2*c**2 - 46*c + 77. Determine j(19).
-75
Let d(o) = -o**3 + 12*o**2 - 18*o - 4. Calculate d(10).
16
Let d(b) = -b**3 - 2*b**2 - 12*b - 201. What is d(-9)?
474
Let h(z) = 45*z + 358. What is h(-16)?
-362
Let q(m) = -m**3 - 81*m**2 - 379*m + 106. Give q(-76).
30
Let f(s) = 73*s**2 - 15*s - 16. Give f(-1).
72
Let i(z) = 189*z + 2683. Calculate i(-14).
37
Let y(s) = -77*s + 3249. What is y(43)?
-62
Let g(p) = -32*p**2 - 629*p - 1263. Calculate g(-2).
-133
Let u(o) = o**3 + 21*o**2 + 18*o + 67. What is u(-20)?
107
Let b(x) = -213*x + 244. Calculate b(1).
31
Let s(i) = -622*i - 2458. Give s(-5).
652
Let y(u) = -9*u - 428. Determine y(-47).
-5
Let r(l) = l**2 - 57*l + 580. Determine r(44).
8
Let q(y) = 109*y + 3237. Give q(-27).
294
Let l(i) = -i**3 + 63*i**2 + 66*i - 228. Give l(64).
-100
Let y(f) = -f**2 - 113*f + 826. Calculate y(7).
-14
Let c(k) = 20*k**2 + 46*k - 279. What is c(-5)?
-9
Let z(s) = -2*s**3 - 65*s**2 - 33*s - 60. Calculate z(-32).
-28
Let k(a) = -250*a + 5996. Calculate k(24).
-4
Let d(n) = 4*n**2 + 557*n + 1237. What is d(-137)?
4
Let s(x) = 2*x**2 + 3*x - 90. What is s(-9)?
45
Let t(v) = -52*v + 966. What is t(19)?
-22
Let v(r) = -6*r**2 + 24*r + 96. Determine v(10).
-264
Let n(o) = -72*o - 3246. Determine n(-45).
-6
Let i(v) = -119*v + 1206. What is i(10)?
16
Let u(a) = a**2 + 16*a + 74. Determine u(-12).
26
Let d(i) = -166*i**2 + 1504*i - 39. Calculate d(9).
51
Let u(h) = -h**2 + 51*h + 5688. Calculate u(105).
18
Let z(y) = 18*y**2 + 20*y + 59. Calculate z(-5).
409
Let k(z) = -39*z + 629. Determine k(16).
5
Let q(o) = 3*o**3 - 9*o**2 + 54*o - 252. What is q(5)?
168
Let l(r) = 6519*r + 91272. Calculate l(-14).
6
Let g(p) = -4*p**2 + 187*p + 89. Calculate g(46).
227
Let a(b) = 11*b + 985. Calculate a(-15).
820
Let z(r) = 4*r**3 - 68*r**2 - 206*r + 7. Calculate z(-3).
-95
Let u(h) = h**3 - 59*h**2 + 487*h + 183. Give u(49).
36
Let m(n) = -15*n**2 - 153*n + 34. Determine m(-11).
-98
Let i(w) = 26*w + 81. What is i(5)?
211
Let l(x) = -2*x**2 + 82*x - 57. Calculate l(40).
23
Let d(x) = -101*x + 1615. What is d(16)?
-1
Let i(n) = -8*n**3 - 183*n**2 + 39*n + 352. Calculate i(-23).
-16
Let c(m) = 35*m**2 + 8*m - 22. Determine c(-5).
813
Let f(c) = -c**3 - 18*c**2 + 27*c + 310. What is f(-19)?
158
Let s(k) = -k**3 + 31*k**2 - 64*k + 205. What is s(29)?
31
Let b(j) = -j**3 + 21*j**2 - 21*j + 84. What is b(20)?
64
Let o(q) = 66*q - 372. Give o(7).
90
Let k(i) = -3*i**3 + 15*i**2 + 255*i + 18. Calculate k(-7).
-3
Let u(c) = -39*c + 651. Calculate u(15).
66
Let s(l) = -3*l**2 - 160*l - 1602. Calculate s(-40).
-2
Let f(l) = 2*l**3 - 12*l**2 + 101*l - 334. Determine f(5).
121
Let z(t) = 137*t + 4077. Determine z(-31).
-170
Let c(j) = -3*j**2 + 46*j - 82. Give c(18).
-226
Let v(t) = -2*t**3 + 69*t**2 + 32*t + 102. What is v(35)?
-3
Let t(w) = 3*w**2 - 38*w - 244. Determine t(-12).
644
Let m(b) = 3*b**2 + 13*b - 8. What is m(-4)?
-12
Let d(n) = -20*n - 326. Give d(-15).
-26
Let g(f) = -10*f**2 - 104*f - 33. Calculate g(-9).
93
Let r(o) = -191*o + 1908. Determine r(10).
-2
Let v(o) = 2*o**2 + 13*o + 21. Give v(-9).
66
Let z(n) = 7*n**2 - 160*n - 46. Determine z(23).
-23
Let f(y) = -y**3 + 31*y**2 - 249*y + 138. Determine f(16).
-6
Let r(z) = 3*z**3 - 29*z**2 - 26*z - 225. Determine r(11).
-27
Let k(l) = -34*l - 48. Give k(-4).
88
Let s(w) = -w**3 - w**2 + 26*w - 4. Determine s(-6).
20
Let b(s) = -1849*s + 24062. Calculate b(13).
25
Let n(b) = -b**3 + b**2 - 323*b - 1280. Calculate n(-4).
92
Let a(f) = 192*f - 1545. Determine a(8).
-9
Let g(c) = 3*c**3 + 11*c**2 + 11*c. Determine g(-1).
-3
Let r(o) = -77*o + 1007. What is r(13)?
6
Let d(q) = q**3 - 16*q**2 + 41*q - 179. Give d(14).
3
Let f(v) = 13*v + 370. Calculate f(-24).
58
Let a(o) = -o**3 - 21*o**2 - 5*o - 586. Give a(-22).
8
Let u(w) = w**3 + 4*w**2 - 453*w - 1823. Give u(-4).
-11
Let s(z) = 20*z**3 + 99*z**2 - 12*z + 10. What is s(-5)?
45
Let z(j) = 4*j**2 + 27*j - 47. Give z(-8).
-7
Let n(q) = 31*q + 403. Determine n(-13).
0
Let f(v) = -v**2 - 25*v - 92. Determine f(-31).
-278
Let s(q) = -930*q - 2721. Give s(-3).
69
Let n(a) = -a**3 - 19*a**2 - 9*a + 16. Determine n(-19).
187
Let f(l) = -l**2 - 7*l + 96. Determine f(-16).
-48
Let a(k) = 9*k**2 - 51*k - 2. Give a(3).
-74
Let k(z) = -105*z + 1063. Determine k(10).
13
Let m(g) = -53*g - 250. Give m(-5).
15
Let u(r) = 111*r - 73. Give u(3).
260
Let d(l) = -5*l**2 - 21*l + 39. What is d(-6)?
-15
Let h(d) = 216*d + 857. Calculate h(-4).
-7
Let k(h) = -h**3 - 76*h**2 - 81*h - 319. Calculate k(-75).
131
Let u(z) = z - 36. Determine u(17).
-19
Let d(z) = -z**2 - 31*z + 61. Determine d(-33).
-5
Let x(s) = -s**3 - 42*s**2 - 301*s - 103. Calculate x(-33).
29
Let z(a) = a**3 - 17*a**2 - 489*a - 117. What is z(-15)?
18
Let y(c) = 13*c + 563. Calculate y(-49).
-74
Let v(g) = -2452*g - 17141. What is v(-7)?
23
Let h(t) = 607*t - 3643. Calculate h(6).
-1
Let k(v) = -v**3 - 149*v**2 + 151*v + 149. Give k(-150).
-1
Let g(q) = q**3 - 25*q**2 + 2*q + 321. Give g(24).
-207
Let l(r) = -55*r + 100. What is l(-9)?
595
Let i(g) = 554*g + 23265. Give i(-42).
-3
Let x(t) = -17*t**2 - 527*t - 2. Calculate x(-31).
-2
Let k(t) = -t**3 - 34*t**2 - 60*t + 158. Give k(-32).
30
Let i(j) = -j**2 - 59*j + 757. What is i(-70)?
-13
Let c(g) = 5572*g - 39009. Give c(7).
-5
Let l(w) = -8*w**3 - 2*w**2 + 4*w - 5. Calculate l(2).
-69
Let s(n) = 4*n**3 - 40*n**2 + 20*n - 193. What is s(10)?
7
Let w(k) = -214*k + 8564. Calculate w(40).
4
Let l(h) = -h**3 - 11*h**2 - 37*h - 35. Give l(-7).
28
Let m(o) = o**2 + 50*o + 40. 